ainder when 61 is divided by s(t)?
19
Suppose 0 = -2*t + 49*m - 52*m + 61, 3*t - m = 119. What is the remainder when 98 is divided by t?
22
Let o(a) be the third derivative of a**4/24 - 3*a**3/2 - 6*a**2. Let p be o(11). Suppose -p = -c + 1. What is the remainder when 9 is divided by c?
0
Calculate the remainder when -7 - (4515 + -3)/(-6) is divided by 4.
1
Let o = 97 - 93. What is the remainder when 13 is divided by o?
1
Let s = -2159 + 2183. Calculate the remainder when 331 is divided by s.
19
Suppose -297 = 113*f - 124*f. What is the remainder when f is divided by 14?
13
Let l(d) = d**3 - 9*d**2 - 5*d - 10. Let i be l(9). Calculate the remainder when 33/i*(-4 - 1) is divided by 4/16*8/2.
0
Suppose -4*m = 2*q - 8, -m - 2 = -q + 2. Suppose 12 = -q*z + 7*z. What is the remainder when (z/(-6))/(10/(-435)) is divided by 16?
13
Let x(i) = 4*i + 77. Calculate the remainder when x(23) is divided by 8.
1
Let p(u) be the first derivative of u**2/2 - 5*u + 11. Calculate the remainder when -3 - (0 + (3 - 17)) is divided by p(12).
4
Suppose 4 = 3*p - 8. Suppose p*q - 5*a = 12, a = 5*q + 4*a - 52. Suppose 28 = 4*t - q. Calculate the remainder when 26 is divided by t.
8
Let f(t) = t**2 - 9*t - 2. Let h be f(9). Let p = 21 + -9. Calculate the remainder when p is divided by 18/6 + (-2)/h.
0
Suppose 2*b - b = -3*r + 31, 65 = 5*r - 5*b. Let l = 49 + 34. Let k = l - 40. What is the remainder when k is divided by r?
10
Suppose -13*x = -17*x + 16. Suppose -2*o - o = l - 232, -5*l - 303 = -x*o. Calculate the remainder when o is divided by 28.
21
Suppose 262 = 5*f + 62. Suppose -2*n + 5 = 3*a - 17, 4*n + 4*a = f. Calculate the remainder when 47 is divided by 3*n*(-2)/(-4).
11
Let l = -412 - -463. What is the remainder when l is divided by 27?
24
Suppose -2*i = -36 + 10. Let z = i + -6. What is the remainder when z is divided by 3?
1
Suppose -6*w = -10*w - 24. Let z(m) = -1. Let v(n) = 65*n + 4. Let t(p) = w*z(p) - v(p). Calculate the remainder when t(-1) is divided by 23.
21
Suppose 2 = -2*z + 8. Calculate the remainder when (3/24)/((-7)/(-973)) - 6/16 is divided by z.
2
Let h = 21 - 5. Suppose 15*g = h*g - 103. Calculate the remainder when g is divided by 26.
25
What is the remainder when 95 is divided by ((-4)/(-8))/((-18)/(-1836))?
44
Let r = 10 - 10. Suppose r = -g - k + 24, 0*g - 14 = -g + k. Suppose 34 = 5*z - 1. What is the remainder when g is divided by z?
5
Let h = 223 - 164. Calculate the remainder when 113 is divided by h.
54
Let f = -311 + 340. Calculate the remainder when 44 is divided by f.
15
Suppose 0 = 31*w - 1480 - 1899. Suppose 5*o - 2*z = 76, 0*z = 2*o - z - 30. Calculate the remainder when w is divided by o.
13
Let h(t) = 15*t + 4. Let i be h(3). Let r(g) = g**3 + 2*g**2 - 7*g + 11. Let u be r(-5). Let b = u + i. Calculate the remainder when 39 is divided by b.
19
Suppose 0 = 5*m + 4*q - 210, -5*q + 38 = 2*m - 29. Suppose 13 = -5*t + 58. Suppose -5*n = -t*n + 64. What is the remainder when m is divided by n?
14
Suppose 115 = 7*j - 2*j. Suppose -7 = -k + j. Calculate the remainder when k is divided by 16.
14
Suppose -d = 3*y - 6, -6*d - 15 = -y - 2*d. Suppose -2*m + 16 = -y*v, 82 = 8*m - 3*m + 3*v. Calculate the remainder when 52 is divided by m.
10
Suppose -4*m = 10 + 14. Suppose 2*o - 4*w = -10, 0 = 5*o + 3*w + w - 17. Let p = o - m. Calculate the remainder when 26 is divided by p.
5
Suppose -47 + 20 = -3*y. Calculate the remainder when (-3)/(9/15)*-5 is divided by y.
7
Let c = 1 + 4. Let v = -52 - -89. Let u = 41 - v. Calculate the remainder when c is divided by u.
1
Let h(p) = p**3 - 3*p**2 - 4*p - 9. Let d be h(6). Suppose -10 = -0*c + 2*c, -d = -2*r + 3*c. What is the remainder when r is divided by 11?
8
Let o = -76 - -85. Suppose -184 = -o*f + f. Calculate the remainder when f is divided by 5.
3
Let s(b) = b**3 + b**2 + 1. Let g(z) = -3*z**3 - 2*z**2 - 6*z + 3. Let f(p) = g(p) + 4*s(p). What is the remainder when 120 is divided by f(2)?
10
Suppose -20 = -5*j - 2*o, -4*o + 22 = 2*j - j. Suppose 0*g = 4*g - 28. Calculate the remainder when g is divided by j.
1
Let f = -3 - -12. Suppose -946 = 4*o - 26*o. What is the remainder when o is divided by f?
7
Suppose a + 120 + 565 = 2*r, 5*a + 1379 = 4*r. Calculate the remainder when r is divided by 32.
21
Let z(q) = q**2 + 15*q + 19. Let v be 4/3*(-147)/14. Let l be z(v). Suppose d + 244 = l*d. Calculate the remainder when d is divided by 31.
30
Let a = -443 - -605. What is the remainder when 332 is divided by a?
8
Let y = 887 - 881. Calculate the remainder when y is divided by (-10)/(-35) + 12/7.
0
Suppose -930 - 462 = -24*o. What is the remainder when o is divided by 5?
3
Let g = 31 + -15. Suppose -2*q + 14 = -2*j, -8*j - g = -4*j. Suppose 2*n = 3*i + 27 + 1, -4*n + 12 = 5*i. What is the remainder when n is divided by q?
2
Suppose 14*o = 21*o - 175. Calculate the remainder when 146 is divided by o.
21
Suppose 0 = -u + 5*u, -4*s - 3*u = -84. What is the remainder when 339 is divided by s?
3
Suppose 2*y - 10 = 4*y - t, -16 = 2*y - 4*t. Let k = y - -93. Suppose 88*p + 138*p = -18*p + 5612. What is the remainder when k is divided by p?
20
Suppose 6*k + 1456 = 20*k. What is the remainder when 294 is divided by k?
86
Let o = -549 - -596. Calculate the remainder when 512 is divided by o.
42
Let z(c) = -c**3 - c**2 - 4. Let v be z(0). What is the remainder when 185/(-10)*v + 3 is divided by ((-27)/2)/(3/(-6))?
23
Let k = -936 + 960. Calculate the remainder when 455 is divided by k.
23
Suppose m = -4*u - 7 - 10, 2*u + 1 = m. Calculate the remainder when 1/m - (-2055)/25 is divided by 2/7 - (-145)/7.
19
Suppose 18 = -11*c + 172. Calculate the remainder when 192 is divided by c.
10
Let j(l) = -95*l - 19. Calculate the remainder when 149 is divided by j(-1).
73
Let w = -20 - -61. Calculate the remainder when 120 is divided by w.
38
Suppose -4*t - j = -392, -277 = -3*t - j - 4*j. Let o = 7 + -4. Suppose 168 = o*u - 3*b, -3*u + 4*b = t - 265. Calculate the remainder when u is divided by 15.
13
Let h(y) = -4*y + 16. Let v be h(-9). Suppose 2*k - v = 30. What is the remainder when k is divided by 22?
19
Let x(s) = s**2 - 4*s - 162. Let z = 206 + -127. Calculate the remainder when z is divided by x(-12).
19
Let o(j) = 6*j - 7. Suppose -43 = -64*h + 341. What is the remainder when o(8) is divided by h?
5
Let a(x) = x**2 - x + 29. Let l = 20 - 20. What is the remainder when a(l) is divided by 15?
14
Let c = 38 - 33. Suppose 0 = -c*v + 7 + 13. Calculate the remainder when 5 is divided by v.
1
Let z = 1 + -1. Suppose 2*t - 76 + 26 = z. What is the remainder when 56 is divided by (-5)/t + (-192)/(-10)?
18
Suppose 120 = 5*s - 55. Let b be (3/(-6))/(4/14)*-4. Let t = b - -97. Calculate the remainder when t is divided by s.
34
Let r(v) = -v**3 - 16*v**2 - 12*v + 18. Let u be r(-16). Let z = -93 + u. What is the remainder when z is divided by 15?
12
Let q(c) = c. Let k(p) be the first derivative of p**3/3 - 3*p**2/2 + 11*p - 3. Let b(o) = k(o) - 5*q(o). Calculate the remainder when 5 is divided by b(7).
1
Let x = 18 - -30. Calculate the remainder when x is divided by (60/(-18))/(-5) + 82/3.
20
Let q be (0 + -4)*(-9)/12. Let k be (-3 + 32/q)*3. Let a = k - 11. What is the remainder when 23 is divided by a?
11
Suppose -2*k - 3*k + y + 3 = 0, 3*y = 6. Let u = -114 + 28. Let s = u + 89. What is the remainder when s is divided by k?
0
Let q be (-10)/(-3)*6/4. Suppose q*x = 2*d + 3, 0*d - 8 = -3*d + 5*x. Let u = d + 1. What is the remainder when u is divided by 7?
5
Let m = -7 - -10. Calculate the remainder when m is divided by (-3)/3 - (-5 - -3).
0
Suppose 4*f = -4*v + 60, 91 = 11*v - 6*v - 3*f. Suppose -2*y = -0*y - 42. What is the remainder when y is divided by v?
4
Suppose 5*f = 8*f + 39. Let d(q) = -2*q - 19. Calculate the remainder when 16 is divided by d(f).
2
What is the remainder when 25 is divided by 1 + -3 + (20 - 3)?
10
Let f = -85 - -87. Suppose -a = f*h - 249, 3*h + a - 371 = -a. What is the remainder when h is divided by 32?
31
Let p be (-2)/((3 + 0)/9). Let m be (-1)/(-1)*(p - -8). Suppose m = -2*c, 0*s - 52 = -5*s - 3*c. What is the remainder when 30 is divided by s?
8
Suppose 0 = 3*l - 0*q - 2*q + 164, 0 = -2*l + 3*q - 101. Let z = l + 79. Calculate the remainder when z is divided by 11.
10
Let k = -13 